ighest common divisor of o and c?
11
Suppose 3*o - 27 = -2*x, 2*o = 3*o - 3*x + 2. Suppose -o = -t + 5*t + 5*w, 2*w + 8 = t. Let f be t*(-2 + -18)*-1. What is the highest common factor of f and 20?
20
Suppose -5*y - 10 - 5 = 5*r, 4*y = -3*r - 7. Suppose 0 = 3*s + y*s - 55. Calculate the greatest common factor of s and 11.
11
Let o(a) = -a**2 + 10*a - 7. Let c be o(8). Calculate the greatest common factor of c and 3.
3
Suppose 2*f - 5*f = -105. Suppose -45 = -5*u + f. What is the greatest common divisor of 16 and u?
16
Suppose f - 2 = -3*t, 5*t + 7 = -8. Let s be 1*34 - (1 + 0). What is the highest common divisor of s and f?
11
Let m = 450 - 288. What is the highest common divisor of m and 18?
18
Let a(v) = v**2 - 3*v - 6. Let b be a(12). Suppose -2*d + b = -0*d. Calculate the greatest common divisor of d and 17.
17
Suppose -4*y + 5*i = -52, 3*y + 0*y - 34 = 5*i. What is the highest common divisor of y and 18?
18
Let h = 4 + 132. Calculate the highest common factor of 34 and h.
34
Suppose 3*t + 172 = -6*c + c, 0 = 5*c - 4*t + 144. Let m = 47 + c. Let s = 323 + -188. What is the highest common divisor of s and m?
15
Let o be ((-87)/(-12))/(2/8). Let i = o + -9. Calculate the highest common divisor of i and 20.
20
Let w be (0 - -2)/(12/66). Let p = -8 + w. Suppose 2*s = r - 9, 87 = p*r + 2*r + 4*s. What is the highest common divisor of r and 10?
5
Suppose 5*a + 2*l - 73 = 3*l, -15 = 5*l. Calculate the highest common factor of 2 and a.
2
Let k = 5 - 0. Suppose -4*o = 4, n + 2*n = k*o + 197. Suppose 0 = -0*b + b + 5*w + 12, 24 = 2*b - 2*w. Calculate the highest common factor of n and b.
8
Let y(l) = 6*l**3 - 3*l**2 + 2*l. Let u be y(2). Calculate the greatest common divisor of 80 and u.
40
Let q(z) be the third derivative of -z**4/3 + z**2. Let b be (2*1)/(-1 + -3)*4. Let s be q(b). Calculate the greatest common factor of 16 and s.
16
Suppose 0 = 16*i - 13*i. Suppose -4*g + 5 + 35 = i. What is the highest common divisor of 15 and g?
5
Let l = 1 + -3. Let w = l - -6. Let y be 3/15 - 49/(-5). Calculate the greatest common factor of w and y.
2
Let l(j) = j**3 + 1 - 8*j**2 - 7*j + 5 - 2*j**3. Let g be l(-6). Let r = g + 51. Calculate the highest common factor of 9 and r.
9
Suppose -q - 7 = 2*w, -6*q - w = -3*q + 6. Let r = -2 + 8. Let j = q + r. Calculate the greatest common divisor of j and 55.
5
Let p = -6 + 27. Suppose -5*w - 2*g + 53 = -1, 2*w + g - p = 0. Suppose 4*f - w - 153 = m, -4*f + 145 = 3*m. What is the greatest common factor of f and 5?
5
Suppose 0 = 4*r - 5*h + 9, 3*h - 2*h = r + 1. Suppose 4*j = -4*q + 24, 2*j + 4*q + 36 = r*j. Calculate the greatest common divisor of j and 100.
10
Suppose -2*i - 4*t + 170 = 0, 2*i + 2*i - 405 = 5*t. Suppose 0 = 2*n + 2*h - 70, -8*n + 3*n - 3*h = -181. Calculate the highest common factor of n and i.
19
Let n be 9 + 0 + (-5 - -4). Calculate the highest common divisor of 56 and n.
8
Suppose 124 = 2*o - 0*o - 4*q, -5*q = -3*o + 191. Let b be 52 + (1 - 3) + 1. Let m = b + -33. What is the greatest common divisor of o and m?
18
Suppose 5*s + 3*j = 2*s + 141, 0 = -5*s - 3*j + 231. What is the highest common divisor of 9 and s?
9
Suppose 6*p = -2*k + 9*p + 377, 0 = -2*p + 10. Calculate the greatest common factor of k and 28.
28
Let t(z) = 2*z**2 + z - 1. Suppose -u + 4 = g, -4*g + 5*g - 4 = 0. Let l be u - (-3 + 1) - 1. Let o be t(l). What is the greatest common factor of 10 and o?
2
Suppose -3*i + 12 = 3*v, -2*i + 1 = -v - 4*i. Let b(y) = y - 6. Let x be b(7). Let n be 89 - (2*-1 + x). Calculate the highest common divisor of n and v.
9
Suppose 2*z = 3*r - 7, 4*r - 10 = -z + 3. Calculate the highest common factor of 21 and r.
3
Let k(b) = -2*b**3 + b**2 - b + 1. Let y be k(1). Let h be 26/1 + y + 3. Suppose 0 = 14*g - 10*g - 280. What is the highest common divisor of h and g?
14
Let f(v) = 9*v**2 + 2*v. Let n be f(2). Let w be (n/(-12) - 0)*-6. Calculate the highest common divisor of w and 160.
20
Let n be 3312/3 + 2/1. Let b be n/35 + (-2)/(-5). What is the highest common factor of 8 and b?
8
Suppose -25 = -5*p, 6*p = 5*z + p + 5. Suppose -z*m = -m. Let f be (m - (0 - 8))*1. What is the highest common divisor of f and 2?
2
Let w(z) = -z**3 + 13*z**2 + 20*z - 4. Let m be w(14). What is the highest common divisor of 16 and m?
16
Let d(k) = -k**3 - 7*k**2 + 7*k - 6. Let u = -12 + 4. Let s be d(u). Suppose s*x = 6*x - 56. What is the highest common factor of x and 56?
14
Let q be (-196)/(-4) - 3 - -4. What is the highest common factor of q and 20?
10
Suppose 0 = 4*f - 6*f + 8. Suppose -3*p + 3 = -60. Suppose p + 11 = f*v. Calculate the highest common divisor of v and 88.
8
Let s = -2 + 5. Suppose s*m + 122 = z, 5*m + 243 = -3*z + 5*z. Let x be (-202)/(-12) + (-4)/(-24). What is the greatest common factor of x and z?
17
Let o be (-4)/(78/30 - 3). Let v(y) = -y**3 + 2*y**2 + 3*y. Let m be v(-2). What is the greatest common factor of o and m?
10
Let m = 6 - 5. Suppose w = 2*x - 1, 4 + m = 5*w - 5*x. Suppose -w*l + 0*l = -9. Calculate the highest common factor of 6 and l.
3
Suppose 0 = 4*b, -3*b = -3*w - 2*w + 115. What is the highest common divisor of w and 115?
23
Let n(k) = k. Let q(d) = 40*d**2 + 2*d + 1. Let z(y) = -n(y) + q(y). Let u be z(-1). What is the highest common divisor of u and 60?
20
Suppose c = 3*c - 18. Let b be ((-5)/((-5)/(-9)))/(2/(-10)). What is the greatest common factor of c and b?
9
Let r = 19 - 21. Let m = 10 + r. Let b = -49 - -89. Calculate the highest common divisor of m and b.
8
Suppose 5*f - 310 = -4*r, 0*r - r + 248 = 4*f. Let y be f/5 - (-32)/(-80). Calculate the highest common factor of y and 4.
4
Let v be (8/(-3) + 2)*3. Let x(o) = -4*o + 1. Let i be x(v). What is the highest common factor of 18 and i?
9
Suppose -2*d + 3*s = -399, s + 600 = 4*d - 193. Calculate the greatest common divisor of d and 18.
18
Suppose -4*s - 252 = -8*s. Let h = 102 + -55. Suppose 3*g - 4*w = h, 0 = 3*g - 8*g + 5*w + 70. What is the greatest common divisor of g and s?
9
Suppose -d + 2*f = -2*f - 9, -2*d - 4 = 3*f. Let o = 5 - 4. Suppose -o = -2*m + 1. Calculate the greatest common divisor of d and m.
1
Suppose -f + 31 = -8*d + 9*d, -134 = -4*f + d. What is the highest common factor of 11 and f?
11
Suppose 1 = -4*h - 4*i + 629, 0 = -4*i - 8. Let o = -95 + h. What is the highest common divisor of o and 8?
8
Let v = 62 - 35. Let q be (-2)/(-3)*(-54)/(-12). What is the greatest common factor of v and q?
3
Let x = 0 - -2. Let j(r) = -r**3 - 8*r**2 + r + 10. Let a be j(-8). Let z be a - (-5 - (-5 + 2)). Calculate the greatest common divisor of x and z.
2
Suppose 3*i - 3 = 0, 4*n + 5*i - 107 = n. What is the highest common divisor of 85 and n?
17
Suppose -17 = -3*l + 4. Let y = -1 - 0. Let c = l + y. Calculate the greatest common divisor of c and 15.
3
Let j be ((-38)/(-3))/(2/6). Let m be (-21)/35 + j/5. What is the highest common factor of m and 21?
7
Let h = 0 - 4. Let z(j) = -7 + 6 + 0*j**2 + j - 3*j**2 - j**3. Let r be z(h). What is the greatest common divisor of r and 88?
11
Let v be 4/((-4)/2) - -24. Calculate the highest common factor of 22 and v.
22
Suppose 6 + 0 = 3*i. Suppose 5*t = -i + 12. Let j be ((-1)/2)/(t/(-8)). What is the highest common factor of 14 and j?
2
Let i(j) = 10*j - 40. Let q be i(5). What is the highest common divisor of q and 120?
10
Let s(q) = q**2 - q. Suppose 0 = 5*a - 2*f - 13, 0 - 8 = -3*a + f. Let t be s(a). Let m be (-2)/7 - (-688)/56. Calculate the highest common divisor of m and t.
6
Let b = -72 + 77. Calculate the greatest common divisor of b and 35.
5
Let z = 29 + -8. Suppose 5*k - 2 = -p + 17, -5*k = -p - z. Suppose -5*s + a = -70, 3*a + 56 = k*s - 0. Calculate the highest common factor of 2 and s.
2
Suppose -4*d + 25 = -23. Let t(g) = -g**3 + 5*g**2 - 4*g + 2. Let m be t(2). Calculate the greatest common divisor of d and m.
6
Let m be 6/(-21) - 116/(-14). Let o be m/20*20/2. Calculate the greatest common factor of o and 1.
1
Let s be -22*(14/(-4) + 3). What is the greatest common factor of 77 and s?
11
Let q = 5 + -2. Suppose -3*g = 2*s + g - 16, 3*g - 12 = 4*s. Suppose 5 = -j, s = l + l - j - 9. What is the greatest common factor of l and q?
1
Let x(q) = -q**2 - 5*q + 25. Let c be x(-7). Calculate the highest common divisor of c and 121.
11
Let f be (-4)/(-10) - (